 - 1. Let m be (-5)/(3 - 1 - n). Give q(m).
0
Let m(g) = g**2 - g + 1. Let p(r) = -2*r**2 - 4*r + 2. Let u(s) = 3*m(s) + p(s). What is u(6)?
-1
Let s = -9 + 14. Let q = s + -3. Let f(w) = -2*w**q - 2*w**3 + 8*w**2 + w**3 - 7 - 2*w. Calculate f(5).
8
Let t(v) = v**3 - 7*v**2 + 5*v + 5. Suppose p - 16 = -2*g - 0*g, 0 = p - 4*g + 14. What is t(p)?
-1
Let c be (-14)/(-4) + (-9)/6. Let q(x) = c - x**2 - 1 + 2 + 5*x. Calculate q(6).
-3
Suppose -k = 2*c - 11, -c + 1 = c + 3*k. Suppose 0 = -3*s + 2*l - 1 - 10, 5*l = s + c. Let d(r) = -r**2 + 7 - r - 2 - 2. Calculate d(s).
-3
Let s(m) be the second derivative of m**4/12 - 2*m**3/3 + m**2/2 - 7*m. Calculate s(3).
-2
Let o be 36/24*(-2)/(-1). Let g(i) = 2 - 7*i + 8*i - i**o + 0*i**2 + i**2 + 2*i**2. What is g(3)?
5
Let h(c) be the third derivative of c**6/120 + c**5/20 + c**4/8 + c**3/2 + 6*c**2. Give h(-3).
-6
Let t = 6 - 11. Let a(b) = 4*b + 1 - 7 - 5*b + 1. Calculate a(t).
0
Suppose -9 = -5*d - 39. Let w(b) be the third derivative of b**5/60 + b**4/3 + 9*b**2. Let p(o) = o**2 + 7*o - 1. Let m(z) = 3*p(z) - 2*w(z). What is m(d)?
3
Let c be 1*-1*4/(-10)*15. Let l(r) = 3*r - 6. Give l(c).
12
Let r(j) be the second derivative of -3/2*j**2 + 0 - 1/6*j**3 + 3*j. Let p be 1*-1 + (-6)/3. Give r(p).
0
Let o(k) be the second derivative of k**5/20 + 5*k**4/12 - k**3 - k**2 - 16*k. Determine o(-6).
-2
Let v(t) = 2*t**2 + 2. Let d(i) = i - 2. Let q be d(0). Determine v(q).
10
Let a be 2/4 + 2/4. Suppose -2*m - 1 - a = 0. Let i(v) be the second derivative of -v**3/6 - 10*v. Calculate i(m).
1
Let a(v) be the second derivative of 1/6*v**3 - 2*v + 0 - 1/2*v**2 - 1/4*v**4. Let c(b) be the first derivative of a(b). Give c(1).
-5
Let n(a) be the third derivative of -a**6/120 + a**5/12 - a**4/12 - a**3/2 - 5*a**2. Give n(4).
5
Let v(y) = -4*y + 2*y**3 + 3*y - 3 - y**3 + 5*y**2. Let x be v(-5). Let c(d) = -10*d**3 + 3*d**3 + x*d**2 + 1 - 2*d - 2*d**3. Determine c(1).
-8
Let z(g) = 2*g**2 + 3*g + 1. Let h(c) = 2*c**3 + c**2 - 1. Let l be 1/7 - 40/35. Let r be h(l). Determine z(r).
3
Let m(r) be the third derivative of 5*r**4/24 + r**3/2 + 2*r**2. Suppose -b + c + 1 = 2, -4*c = 4*b + 12. What is m(b)?
-7
Let k(x) be the third derivative of x**4/24 - x**3/2 + 2*x**2. Let i(l) = -2*l**2 + l - 1. Let v be i(1). Let h be 2/(-4) - 1/v. Determine k(h).
-3
Suppose -5*q + 1 = -14. Let i(x) = 2*x**2 - 9*x + 8. Let w(l) = -4*l**2 + 17*l - 15. Let c(b) = 7*i(b) + 4*w(b). Give c(q).
-7
Let g be 2 + (-2)/(1 + -2). Let s(v) = -v**2 - v - 1. Let u(l) = -l**3 + 2*l**2 - 8*l - 7. Let x(o) = -3*s(o) + u(o). Give x(g).
-8
Let y(m) be the third derivative of -m**6/60 - m**5/60 - m**4/12 - m**3/6 + m**2. Let n be y(-1). Suppose u + 4 = n*u. Let q(f) = -f**2 + 4*f + 5. Give q(u).
5
Suppose 0*q + 3*q - 5*u + 15 = 0, 3*u = -4*q + 9. Let t(f) = -f**2 + f - 14. What is t(q)?
-14
Let k = 6 + -8. Let t(i) = i**3 + i. Determine t(k).
-10
Let h(r) = -2*r**3 - 4*r**2 - 3*r. Suppose -2*k = 2*a, 2*a + 5*k - 2 - 4 = 0. Determine h(a).
6
Let k = -37 + 16. Let u be 9/k - (-100)/(-28). Let h(z) = z**3 + 6*z**2 + 7*z + 4. Calculate h(u).
8
Suppose -2*m = 5*v + 19, -5*m + v + 30 = -2*v. Let k(i) = m*i**3 + 5 - 2*i**3 + 3*i**2 - 1. Determine k(-3).
4
Let z(q) = -q**3 + 5*q**2 + q - 1. Let t be z(5). Let w(k) = 4*k**2 + 9*k + 2. Let c(s) = 5*s**2 + 10*s + 3. Let n(f) = 5*c(f) - 6*w(f). Determine n(t).
3
Let s(f) = -f + 9. Suppose 5*h + 28 = 3*t, t + 3*h = 5*t - 30. Let o be s(t). Let i(p) = -o - 7 - p**2 + 3 - p. Calculate i(0).
-7
Let m be 0/(1/1 - 0). Let b(o) be the first derivative of -o**3/3 - o + 3. Determine b(m).
-1
Let c(t) be the second derivative of -t**4/12 + t**3/2 - t**2 + 5*t. Let m(n) be the first derivative of c(n). What is m(5)?
-7
Let c be -2*(-2 + (-2)/(-4)). Let n(d) = d**3 - d**2 - 5*d + 3. Let s be n(c). Let a(g) = 3 - 7*g - 4 + s*g. Give a(5).
-6
Let n(s) be the second derivative of 1/3*s**3 + 3/2*s**2 - 2*s + 1/12*s**4 + 0. Let z(x) = -x**3 - 2*x**2 + x - 1. Let g be z(-2). Calculate n(g).
6
Let z be (-14)/(-8) - -4 - 1/(-4). Let p(k) = -k**2 + 6*k. Give p(z).
0
Let y be -9*(1 + 0 - 0). Let v = -7 - y. Let w be (v + -5)*(-4)/6. Let g(s) = -2*s**2 + 2. Calculate g(w).
-6
Let s be 57/12 - 2/(-8). Let b(r) = -4*r - 5. Let m(h) = -1 + 3 - 7*h - 12. Let y(g) = -5*b(g) + 3*m(g). Give y(s).
-10
Suppose -5*v = -2*v + 3*u - 12, 0 = -3*u + 6. Suppose 6 = 3*l - 5*r, -l + v = r - 6*r. Let f(g) = 5*g - 2. Give f(l).
8
Let h(f) = -5 - 3*f - 3*f**2 + 0*f + 2*f + f**3 + 6. Let j(x) = -x**3 - 5*x**2 + x + 1. Let z be j(-5). Let k(i) = -i - 1. Let v be k(z). Calculate h(v).
-2
Let k = -1 - -3. Let o(n) = -n**3 + n**2 + 2*n. Let c be o(k). Let d(y) = 1 + c*y**3 + y**3 - y**2 + y - 3*y**2 - 8*y. Give d(5).
-9
Let g(a) = -68*a**3 - 1 + 3 - 5*a**2 + 69*a**3. What is g(4)?
-14
Let g(h) = h**3 + 2. Suppose b - d = -2, -3*d - 2 = -5*b - 4. Give g(b).
10
Let g = -3 + 4. Let k(x) = x**2 + x. Let d(f) = f**3 - 7*f**2 - 8*f + 1. Let a(b) = d(b) + 6*k(b). Determine a(g).
-1
Let o(v) be the second derivative of -2/3*v**3 + 0 - 3*v**2 - 1/3*v**4 - v - 1/20*v**5. Suppose -4 = 2*m - m. Calculate o(m).
10
Let i(u) = u**3 + 3 - 6*u**2 + 2 - u - 2*u**3 - 2. Calculate i(-6).
9
Let t be 21 - (-3 - -1)/(-2). Suppose 0 = 5*c - c - t. Suppose 0 = c*d - 26 + 1. Let s(x) = 3*x - 6. What is s(d)?
9
Let u(z) = -z - 6. Let j be u(-5). Let b be 21/9 + j/3. Let x be b/(-7) + 90/21. Let t(p) = p**2 - 3*p + 2. Determine t(x).
6
Let j(y) = -y + 3. Let t be j(-4). Let f = t - 3. Let a(v) = -f*v**3 + 1 + 0 + 0 - v. Determine a(1).
-4
Let c = -9 - -11. Let b(z) = 2 - c*z**3 - z - 3 + 3*z**3 - 3*z**2 + 4. Calculate b(3).
0
Let q(n) = 2*n**3 + n + 1. Suppose 0 = 4*s - s - 3. Suppose b = -d - 2, 5*b - 2*d - s = -4. What is q(b)?
-2
Let x(y) = 4*y**3 - 9*y**2 + 7*y + 1. Let d(u) = 11*u**3 - 26*u**2 + 21*u + 3. Let v(w) = 3*d(w) - 8*x(w). Determine v(5).
11
Let r = -18 - -17. Let j(t) be the second derivative of -5*t**3/6 - t**2/2 - 5*t. What is j(r)?
4
Let s be -3 - 5/((-10)/16). Suppose 4*z - s = 3*z. Let x(n) = -n - n + z*n - 2*n - 3. Determine x(0).
-3
Let u(f) be the second derivative of 0*f**3 + 1/2*f**2 - 1/12*f**4 + 4*f + 0. Give u(-3).
-8
Let x(r) = -r**3 - 6*r**2 - 5*r - 1. Let n(p) = p**3 - p + 1. Let y be n(-2). What is x(y)?
-1
Let s(b) = 4*b + 3. Let v be -2 + 4 + -2 + 7. Let q = 4 - v. What is s(q)?
-9
Let q = -508 - -510. Let d(u) = 2*u**2 + u + 7. Let r(f) = 2*f**2 + f + 6. Let m(w) = -6*d(w) + 7*r(w). Determine m(q).
10
Let s be (-2)/(-12)*8*3. Let m(d) be the second derivative of -1/12*d**s + 0 - 5/6*d**3 - d - 3*d**2. What is m(-5)?
-6
Let q(v) = -2*v + 4. Let s = 103 - 99. Give q(s).
-4
Let x be 4/(-10) + 90/100. Let v(w) be the second derivative of -w**3 + 0 + x*w**2 - w. Give v(1).
-5
Let t(n) = n - 10. Let c be t(8). Let w be -9*c/21*7. Let k(m) = -2*m + 8. Calculate k(w).
-4
Let q(n) = 5*n**2 + 10*n. Let w(b) = -11*b**2 - 21*b. Let d(o) = -13*q(o) - 6*w(o). Suppose -4*v - 10 - 14 = 0. Let f be v/(-1)*(-6)/(-9). Calculate d(f).
0
Let i = -5 + 37. Let j be (i/(-12))/(-4)*-6. Let y(r) = -2*r - 4. Calculate y(j).
4
Let n(k) = -k + 12. Let b be (-8)/(-10)*(-75)/(-6). Let v = 16 - b. Determine n(v).
6
Let v(t) = -7*t. Let g(o) = 2*o. Let y(f) = -21*g(f) - 5*v(f). Calculate y(1).
-7
Suppose 2*d + 0 = 4. Let p(h) = -6*h**2 + 3*h**2 + h**2 + 1. Let j(n) = -n**2 + n. Let f(b) = -j(b) + p(b). Calculate f(d).
-5
Let q(b) = -3*b - 2. Let d = -22 - -19. Determine q(d).
7
Let o(b) = b**3 - 6*b**2 + 2*b - 2. Let f be (4 - 1) + (-4 + 2 - -5). Calculate o(f).
10
Let u(i) = 8*i + 4 + 4*i**2 - 5*i**2 + i. What is u(7)?
18
Let k(v) be the second derivative of -v + 0 - 1/2*v**3 - 3/2*v**2 + 1/6*v**4. What is k(-2)?
11
Let n(b) = b**3 - 6*b**2 + b + 2. Suppose -5*d + 22 + 18 = 5*t, -4*t - 2*d = -28. Calculate n(t).
8
Let v(o) = o**2 + o + 2. Let z = 8 + -5. Let j(m) = z*m + m - m - 1. Let w be j(1). What is v(w)?
8
Let z(v) be the third derivative of -v**6/120 - v**5/12 - v**3/6 + 16*v**2. Calculate z(-3).
-19
Let s(x) be the third derivative of x**4/24 - x**3/3 + x**2. Let i be (1 + 1)/((-2)/8). Let r = i + 10. Give s(r).
0
Let y(x) be the third derivative of x**6/120 - 7*x**5/60 + x**3/2 + 12*x**2. Give y(7).
3
Let n = 0 - -5. Let u(l) = 3*l**3 + 2*l**3 - 3*l - 4*l**3 - 7 + 0*l**3 - 4*l**2.